18921 and 19116888?
1113
Calculate the greatest common factor of 29952 and 137448.
72
Calculate the highest common divisor of 122724 and 84.
84
Calculate the highest common divisor of 3198 and 7363395.
1599
Calculate the greatest common factor of 36 and 35456877.
9
What is the greatest common factor of 53823 and 7469?
77
Calculate the highest common factor of 180 and 48550.
10
Calculate the highest common divisor of 50 and 16463510.
10
What is the highest common divisor of 33 and 57222660?
33
Calculate the greatest common divisor of 27659037 and 1953.
651
What is the highest common factor of 1107 and 2885621?
41
Calculate the greatest common divisor of 351 and 383799.
39
Calculate the highest common divisor of 2508656 and 8464.
368
What is the greatest common divisor of 19702234 and 415006?
7034
Calculate the highest common factor of 4731 and 1951247.
83
What is the greatest common factor of 12871 and 154663?
211
What is the greatest common factor of 4022431 and 3208?
401
Calculate the greatest common divisor of 704450 and 10512.
146
What is the greatest common divisor of 2438636 and 47700?
212
Calculate the highest common divisor of 54693 and 2826513.
531
Calculate the greatest common factor of 69099 and 77283.
93
Calculate the highest common factor of 1862 and 66151274.
1862
What is the highest common factor of 1436 and 2623213?
359
What is the greatest common factor of 3888 and 5415498?
486
Calculate the greatest common factor of 12704 and 1314070.
794
What is the highest common divisor of 942366 and 66?
6
Calculate the greatest common factor of 146298260 and 680.
340
Calculate the highest common divisor of 2438282 and 48422.
1562
Calculate the greatest common factor of 85565470 and 37726.
2902
What is the greatest common factor of 244224 and 25122?
318
Calculate the highest common divisor of 415144 and 9.
1
What is the highest common factor of 87223071 and 26?
13
What is the greatest common divisor of 10266 and 185142?
354
Calculate the greatest common factor of 337704 and 13864.
8
Calculate the greatest common factor of 115 and 26016565.
115
Calculate the highest common factor of 2176 and 722704.
272
Calculate the highest common factor of 3148470 and 3120.
390
Calculate the greatest common divisor of 686959 and 129766.
91
Calculate the greatest common divisor of 452637164 and 28.
28
What is the highest common factor of 100388142 and 1010?
202
What is the greatest common divisor of 245636320 and 3680?
3680
What is the highest common factor of 5232 and 26904?
24
Calculate the greatest common divisor of 1053 and 604739304.
351
What is the greatest common divisor of 12852 and 58135104?
1836
What is the highest common divisor of 713454 and 56?
14
Calculate the greatest common divisor of 7760305 and 140.
35
What is the highest common factor of 2678662 and 11242?
1022
What is the highest common divisor of 6079693 and 867?
289
What is the highest common divisor of 353845 and 940?
5
Calculate the greatest common divisor of 1604 and 41676732.
1604
Calculate the greatest common divisor of 7504 and 8059184.
112
What is the greatest common divisor of 10791 and 19059849?
981
What is the greatest common factor of 1180 and 60676?
4
Calculate the highest common factor of 142 and 5986294.
142
Calculate the highest common divisor of 249551 and 4453.
61
Calculate the highest common factor of 93969 and 403857880.
10441
Calculate the greatest common factor of 2282 and 16268.
14
Calculate the greatest common divisor of 17266848 and 524000.
4192
What is the greatest common factor of 342 and 372282?
6
Calculate the greatest common divisor of 210 and 97143570.
30
What is the greatest common factor of 270712 and 6821?
19
Calculate the greatest common factor of 16596408 and 744.
744
What is the highest common divisor of 34860 and 323617?
581
What is the greatest common factor of 233278929 and 23751?
3393
What is the highest common factor of 3127706 and 24362?
1874
What is the highest common divisor of 4 and 13201876?
4
What is the greatest common factor of 1352 and 3463764512?
1352
Calculate the greatest common factor of 180435 and 24909.
69
Calculate the highest common factor of 8950256 and 1589098.
7126
What is the highest common divisor of 3078338 and 977004?
7754
Calculate the greatest common divisor of 2825372 and 2512.
628
What is the highest common divisor of 31790836 and 77?
77
Calculate the highest common factor of 19184914 and 2486.
226
Calculate the greatest common factor of 6289959 and 403.
13
Calculate the highest common factor of 384 and 65028.
12
What is the greatest common factor of 40004 and 643714?
146
What is the greatest common divisor of 3498 and 1784917464?
3498
What is the greatest common divisor of 9885 and 488127231?
1977
Calculate the highest common divisor of 95020110 and 860.
430
What is the highest common divisor of 16218 and 1301733?
477
Calculate the greatest common divisor of 19038094 and 58.
58
Calculate the greatest common factor of 2808592 and 5104.
464
Calculate the greatest common factor of 5868 and 17488596.
1956
Calculate the greatest common factor of 60486 and 22746.
102
Calculate the greatest common factor of 1675 and 119996933.
67
What is the highest common factor of 14272 and 500704?
32
Calculate the greatest common factor of 3091892 and 967436.
2788
What is the highest common divisor of 13798361 and 131?
131
What is the highest common factor of 16830183 and 564?
141
What is the greatest common divisor of 29 and 2095526921?
29
What is the highest common factor of 8640 and 30147840?
2880
What is the greatest common factor of 5056 and 221173456?
1264
What is the greatest common factor of 443795 and 143?
11
What is the highest common divisor of 4186954 and 1786?
38
Calculate the highest common divisor of 65425 and 29600.
25
Calculate the greatest common divisor of 76043 and 3937.
31
Calculate the highest common divisor of 294 and 51446598.
42
Calculate the greatest common factor of 304 and 119008992.
16
Calculate the highest common factor of 1576 and 25321592.
1576
Calculate the greatest common factor of 5812 and 347267.
1453
What is the greatest common divisor of 26 and 603481502?
26
Calculate the greatest common divisor of 781355 and 3565.
155
Calculate the greatest common factor of 720 and 10819920.
240
What is the highest common factor of 315 and 42089550?
15
What is the greatest common factor of 444 and 1808708?
148
Calculate the highest common divisor of 3072 and 374172.
12
Calculate the highest common factor of 65736720 and 1820.
140
What is the highest common factor of 42470 and 8351520?
1370
What is the highest common divisor of 124784415 and 2835?
945
What is the highest common divisor of 40 and 21569?
1
What is the highest common divisor of 398 and 50427794?
398
What is the greatest common factor of 19637 and 6513835?
269
Calculate the highest common factor of 19245543 and 34368.
537
What is the greatest common factor of 88189662 and 33?
33
What is the highest common factor of 61250 and 163750?
1250
What is the highest common divisor of 252 and 33603516?
36
What is the highest common divisor of 284950 and 1478870?
410
Calculate the greatest common divisor of 780063 and 14577.
129
What is the highest common divisor of 109379400 and 2600?
2600
What is the greatest common divisor of 64922 and 54229846?
4994
What is the highest common factor of 393732 and 194472?
36
What is the highest common factor of 627 and 107943?
33
What is the highest common factor of 83690796 and 1751?
1751
What is the greatest common factor of 14904 and 834072?
552
What is the greatest common factor of 1958 and 207379078?
178
Calculate the greatest common factor of 49 and 219823751.
49
Calculate the highest common factor of 783432 and 383656.
3224
Calculate the highest common factor of 585 and 109705635.
585
What is the highest common factor of 4705616 and 14133?
673
Calculate the highest common divisor of 242 and 1362315042.
242
Calculate the greatest common factor of 1854234 and 3131.
31
What is the greatest common factor of 5054 and 134120?
14
What is the greatest common divisor of 5201488 and 32?
16
What is the greatest common divisor of 744 and 81468?
372
Calculate the greatest common factor of 18821 and 5302979.
649
What is the greate